 divide 1858096540?
False
Is 302177399 a multiple of 105?
False
Is 9758222 a multiple of 166?
False
Does 40 divide 78530200?
True
Does 341 divide 85949050?
True
Does 541 divide 2478246099?
False
Is 1034 a factor of 104453611?
False
Is 15 a factor of 17789441?
False
Does 64 divide 6465664?
True
Does 39 divide 153524397?
True
Is 12 a factor of 3169108476?
True
Does 7045 divide 1260097947?
False
Does 711 divide 1548742?
False
Is 3164 a factor of 1633237200?
False
Is 8697811 a multiple of 16?
False
Is 66 a factor of 1347312782?
False
Is 66351808 a multiple of 324?
False
Does 3120 divide 5508727911?
False
Is 79934264 a multiple of 155?
False
Does 2626 divide 1134871667?
False
Is 5594785 a multiple of 2?
False
Is 5 a factor of 5043470?
True
Does 36 divide 24405961?
False
Is 45 a factor of 27045225?
True
Does 160 divide 750260860?
False
Is 59306940 a multiple of 330?
True
Is 415 a factor of 7395687?
False
Is 12 a factor of 28297173?
False
Is 138167959 a multiple of 12?
False
Is 5035490 a multiple of 10?
True
Does 7 divide 38582489?
False
Is 8336710 a multiple of 4?
False
Does 72 divide 948672?
True
Is 42649763 a multiple of 15?
False
Is 91 a factor of 901117671?
False
Is 16010 a factor of 5561425720?
True
Does 13 divide 1099515031?
False
Is 216 a factor of 286564824?
True
Is 10920 a factor of 912699964?
False
Is 350 a factor of 24266200?
True
Is 1485 a factor of 18084330?
True
Does 2 divide 1284871?
False
Does 11 divide 7967914?
False
Is 609 a factor of 526419600?
True
Does 118 divide 1689913889?
False
Is 97 a factor of 8922836?
True
Is 5 a factor of 54289378?
False
Does 1013 divide 580841031?
True
Is 77 a factor of 423218026?
True
Is 143 a factor of 546211554?
False
Does 18 divide 1930701330?
True
Does 131 divide 14375416?
True
Is 11 a factor of 2877156689?
True
Is 652 a factor of 321176556?
False
Is 101 a factor of 45081047?
True
Is 35 a factor of 15966440?
True
Is 1004908014 a multiple of 198?
True
Does 184 divide 23934371?
False
Is 5 a factor of 321973527?
False
Does 147 divide 2759397505?
False
Is 34 a factor of 18068226?
False
Is 305767579 a multiple of 104?
False
Is 271822044 a multiple of 208?
False
Is 44 a factor of 165067804?
True
Is 217 a factor of 100566480?
True
Is 10842242 a multiple of 47?
True
Is 76970876 a multiple of 3152?
False
Is 600903958 a multiple of 39?
False
Does 623 divide 8056541?
False
Is 2533846720 a multiple of 6928?
True
Does 1340 divide 84989500?
True
Is 1916 a factor of 190503355?
False
Is 121280642 a multiple of 53?
True
Does 1245 divide 117993630?
True
Does 10 divide 98674913?
False
Does 179 divide 6154199?
True
Is 1059 a factor of 179210334?
True
Is 65 a factor of 139065?
False
Is 52133284 a multiple of 393?
False
Is 434165692 a multiple of 30?
False
Is 45730803 a multiple of 151?
True
Is 109944926 a multiple of 33?
False
Is 206 a factor of 381374186?
True
Is 243 a factor of 36073585?
False
Is 115 a factor of 793661728?
False
Is 10321142 a multiple of 2458?
True
Is 9 a factor of 320763501?
True
Is 35 a factor of 1252802185?
False
Is 2741 a factor of 413695284?
False
Is 1980706950 a multiple of 75?
True
Is 93740089 a multiple of 39?
False
Is 722996731 a multiple of 42?
False
Is 1109 a factor of 9304510?
True
Does 14 divide 32517421?
False
Is 4292 a factor of 1229027076?
True
Is 1606 a factor of 164312183?
False
Is 6562140 a multiple of 26?
True
Is 77321108 a multiple of 19?
True
Is 2128 a factor of 154898693?
False
Is 8 a factor of 14704472?
True
Does 888 divide 71895386?
False
Is 169 a factor of 211112265?
True
Is 88 a factor of 151776767?
False
Is 40323178 a multiple of 14?
True
Is 200 a factor of 832214000?
True
Is 64 a factor of 2857421696?
True
Does 12 divide 88964398?
False
Does 11 divide 114545852?
False
Is 129741084 a multiple of 53?
False
Is 332 a factor of 4802288700?
True
Does 1157 divide 62790403?
False
Is 22477196 a multiple of 14?
True
Is 3213 a factor of 571337800?
False
Is 1106059416 a multiple of 923?
False
Does 11 divide 23728466?
False
Does 2454 divide 595737948?
True
Does 18 divide 308008797?
False
Is 503 a factor of 6386683?
False
Does 10447 divide 2289930014?
False
Is 258 a factor of 212371152?
True
Is 40863150 a multiple of 675?
True
Is 2209 a factor of 225898967?
True
Is 532385010 a multiple of 1730?
True
Is 7259 a factor of 3439778776?
True
Is 61 a factor of 187983781?
False
Is 8074300 a multiple of 3?
False
Is 441600 a multiple of 80?
True
Does 2 divide 22612339?
False
Does 13 divide 196661213?
False
Is 484 a factor of 316163143?
False
Is 1042 a factor of 1091990992?
True
Is 21 a factor of 9417900?
False
Is 47129157 a multiple of 111?
True
Is 23776326 a multiple of 141?
False
Does 31 divide 50082112?
True
Is 54 a factor of 94817844?
True
Is 6566460 a multiple of 4?
True
Does 14 divide 3246252582?
False
Is 5 a factor of 1056308260?
True
Does 66 divide 82583556?
True
Is 74264721 a multiple of 51?
True
Is 81 a factor of 9977916?
False
Does 4560 divide 130507200?
True
Is 4603354 even?
True
Is 657 a factor of 66801789?
True
Is 44 a factor of 79648953?
False
Is 8 a factor of 42541960?
True
Is 3201 a factor of 32440871?
False
Is 2475156526 a multiple of 109?
False
Is 6 a factor of 40473312?
True
Does 8 divide 125589028?
False
Is 39874192 a multiple of 214?
True
Is 466554665 a multiple of 26?
False
Does 8 divide 15178960?
True
Does 6 divide 29290590?
True
Is 1154 a factor of 121026104?
False
Is 48 a factor of 23791265?
False
Is 119 a factor of 67785375?
True
Is 2415 a factor of 641443548?
False
Is 17169656 a multiple of 14?
True
Is 154 a factor of 363697225?
False
Is 49167531 a multiple of 1792?
False
Does 688 divide 21803750?
False
Is 176 a factor of 225975200?
True
Is 2722842 a multiple of 18?
True
Is 250471692 a multiple of 12?
True
Is 3 a factor of 1942809?
True
Is 7727790 a multiple of 10?
True
Is 41569244 a multiple of 1109?
False
Does 5197 divide 961391165?
False
Is 417 a factor of 373892208?
True
Does 27 divide 467701337?
False
Is 6 a factor of 7818012?
True
Does 112 divide 102897312?
True
Does 445 divide 135904512?
False
Does 233 divide 409814147?
True
Is 1100 a factor of 5242915700?
True
Is 59 a factor of 20693601?
True
Is 240 a factor of 18868320?
True
Is 99827714 a multiple of 1353?
False
Is 407 a factor of 22216095?
True
Is 6105643245 a multiple of 2960?
False
Is 713 a factor of 147634493?
True
Does 3163 divide 748922488?
True
Does 578 divide 2636258?
True
Is 13221972 a multiple of 766?
False
Does 109 divide 37359076?
False
Is 389030086 a multiple of 427?
False
Is 66 a factor of 17090284?
False
Is 359 a factor of 474126633?
True
Is 99295412 a multiple of 4?
True
Is 170 a factor of 2536946?
False
Does 8 divide 2004251584?
True
Is 22 a factor of 868619928?
True
Is 517728702 a multiple of 214?
True
Is 55 a factor of 167525325?
True
Is 4737139863 a multiple of 1697?
True
Is 5319066186 a multiple of 126?
True
Does 617 divide 2923439?
False
Does 6 divide 18196572?
True
Does 523 divide 215210572?
False
Is 10 a factor of 125739651?
False
Is 9323370 a multiple of 630?
True
Is 135 a factor of 572718600?
True
Does 59 divide 44641925?
False
Is 32832048 a multiple of 688?
True
Does 43 divide 14472295?
True
Is 48 a factor of 62763955?
False
Is 2235 a factor of 124419305?
False
Is 1515 a factor of 58235059?
False
Is 30850125 a multiple of 75?
True
Is 9 a factor of 15857014?
False
Does 54 divide 364219794?
True
Is 4 a factor of 12624072?
True
Is 56106977 a multiple of 1108?
False
Does 22 divide 69531442?
False
Does 440 divide 299674035?
False
Does 146 divide 133939128?
False
Does 718 divide 283803860?
True
Is 18 a factor of 3872862?
True
Is 5 a factor of 1044113560?
True
Does 14 divide 12239570?
True
Is 159 a factor of 3567981?
False
Does 365 divide 345817060?
True
Is 735 a factor of 11486580?
True
Is 107 a factor of 50038229?
True
Is 49040465 a multiple of 13?
False
Is 18 a factor of 51521976?
True
Does 21 divide 259758849?
True
Is 559 a factor of 1536558517?
True
Does 3623 divide 82279682?
False
Does 14 divide 8041642?
True
Is 1955736064 a multiple of 128?
True
Does 6 divide 9176316?
True
Is 15 a factor of 25899960?
True
Is 1346600312 a multiple of 844?
True
Does 46 divide 132155586?
False
Is 4908733 a multiple of 1092?
False
Does 9 divide 492538643?
False
Does 5417 divide 882315543?
True
Is 11